Suppose 5*q - 2*q - 1 = -d*m, 0 = 3*m + 12. Let w(s) = 3*s**2 - 14*s**q + 45*s**3 - 6 - 16*s**3 - 6*s - 14*s**3. Determine w(-4).
2
Let j(a) = 4*a**2 + 3*a - 2. Suppose -3*u + 6 = -h, 114*u - 4*h + 2 = 115*u. What is j(u)?
20
Let h(r) = r + 1. Let g(p) = 1. Let u(l) = 2*g(l) + h(l). Let x(z) = -z**3 + 10*z**2 - z + 12. Let w be x(10). Suppose -5*j = -w*j + 9. Calculate u(j).
0
Suppose 2*u = -q - 4*q + 5, 4*q - 2*u + 14 = 0. Let j(s) be the second derivative of 1/2*s**2 - 1/6*s**3 - 1/12*s**4 + 5 + 4*s. Determine j(q).
1
Let j(d) = 24*d - 60. Let x = 4019 + -4016. Calculate j(x).
12
Let t(y) = -y**3 + 9*y**2 + 4*y - 13. Suppose 89*f - 86*f = 2604. Let v = -859 + f. What is t(v)?
23
Let l(n) = -7*n - 2. Let u(z) = 13*z + 4. Suppose 0 = 2*h - 3*h + 1, 0 = 3*p + 2*h + 91. Let r = 34 + p. Let x(t) = r*u(t) + 5*l(t). Determine x(2).
10
Let m(n) = 2*n**3 + n**2 + 11*n + 8. Let o(b) = -b**3 - b**2 - 5*b - 4. Let y(q) = -4*m(q) - 9*o(q). Suppose 4*g - 5*x + 21 = -6*x, -5*g - 35 = 3*x. Give y(g).
16
Let t(q) = -3*q**2 - 9*q + 102. Let o be t(-8). Let f(s) = -s**3 - 17*s**2 + 18*s - 1. Determine f(o).
-1
Let x(a) = a. Let p be (-385)/56 - -7 - 1705/8. Let s = 208 + p. Calculate x(s).
-5
Let c(q) be the first derivative of 2/3*q**3 + 0*q + 1/2*q**2 - 37 - 15/4*q**4. Determine c(-1).
16
Let c(f) be the first derivative of 28 + 1/3*f**3 - 7/2*f**2 - 2*f. Give c(7).
-2
Let c(g) = -g**3 + 3*g**2 + 10*g + 3. Let x be (2/16 - 1394/272) + 5 + 5. What is c(x)?
3
Suppose 4500*t = 4549*t - 441. Let s(b) = b**3 - 6*b**2 - 20*b - 57. Calculate s(t).
6
Let z(k) = 0*k + 3*k + 1 - 2. Suppose 0 = -11*v - 1002 + 980. Determine z(v).
-7
Suppose 13*d - 49 + 23 = 0. Suppose 0*m + 0*m = -d*m. Let l(a) = -a**3 + a**2 + a - 22. Calculate l(m).
-22
Suppose -9 = -3*k - 3, 5*b - 85 = 5*k. Let h = -28 + b. Let r(p) = -p**2 - 10*p - 12. Determine r(h).
-3
Let o(u) = u**2 + 2*u - 2. Let y(l) = l**2 - 9*l - 20. Let r be y(11). Let v(w) = -3 + 5 + r*w**2 + 9 - 29*w. Let f be v(14). Give o(f).
1
Let s = 192 - 148. Let t(b) = 52*b + s*b - 160*b - 3 + 51*b. Calculate t(-2).
23
Suppose 58*y - 66 = 10*y - 18*y. Let p(k) = -2 + 2*k**3 - k**3 + k**2 + 5*k - 2*k**2 - 3*k. Determine p(y).
0
Let s be (11 + 420/(-36))/((-2)/33). Let g(r) = -6*r**2 + 67*r - 66. Let z(h) = -h**2 + 13*h - 13. Let k(c) = s*z(c) - 2*g(c). Give k(-5).
-31
Suppose 2*z - 12*u + 16*u = 22, 0 = 5*u - 20. Suppose 3*d = -z*b + 9, 2*d = b + 5 + 4. Let o(t) = 7*t**2 + t + 1. Calculate o(b).
7
Let i = 8 - 4. Let c be 330/81 - (-2)/(-27). Let s(u) = u - i*u + c + 4*u**2 - u**2 + 9*u**3 - 8*u**3. What is s(-4)?
0
Let r(w) = -w**2 + 3*w - 4. Let z be ((-13)/3)/((-13)/39). Suppose -4*b + 8 = -5*i, 4*b = i + 7*b + z. Calculate r(i).
-32
Suppose 2*i + i - 1 = -x, 3*x - 3*i = -21. Let v be ((-18)/5 - -4)*x. Let f(s) be the second derivative of -s**4/12 - s**3/3 - s**2 - 2*s - 63. Give f(v).
-2
Let q(o) = -12*o**2 - 5*o - 3. Let c(s) = 27*s**2 + 5*s + 6. Let r(m) = 6*c(m) + 13*q(m). Calculate r(6).
3
Let i(c) = -3*c + 79. Suppose 7994*u - 7985*u = 0. Determine i(u).
79
Let t be 15/50 - 9591/(-30). Let i(z) = z**2 - 314 - 4*z + t - 2*z - z. Give i(4).
-6
Let w(g) = -2*g**2 + 15*g - 3. Suppose 5*s + 0*c = 2*c + 10, 2*s - 3*c + 7 = 0. Suppose -28 = -4*p + 5*v, -5*v - 35 = -p - s*p. Calculate w(p).
4
Suppose 24 = 3*q, -116*h + 119*h - 205 = -26*q. Let o(b) = 49*b**3 - 3*b**2 - 3*b - 1. What is o(h)?
-50
Let u(h) be the second derivative of h**6/360 - 7*h**5/120 + h**4/6 - 17*h**3/6 + 2*h**2 - 226*h. Let q(s) be the second derivative of u(s). Calculate q(8).
12
Let h(z) = 12*z**3 + 11*z**2 + 58*z + 23. Let r(q) = -20*q**3 - 18*q**2 - 99*q - 38. Let i(w) = -12*h(w) - 7*r(w). Determine i(-2).
4
Let n(v) = -2*v**3 + 3*v**2 + 18*v + 7. Let k be n(-3). Let g(j) = -4*j + 144. Let z be g(k). Let o(y) = -y**2 + 3*y - 4. Calculate o(z).
-44
Let v = 5934 - 5934. Let o(r) = -r**3 + r**2 + 14. Give o(v).
14
Let y(z) = -z**3 - 17*z**2 - 64*z + 16. Suppose -435*a - 1546 = 1957 - 893. Determine y(a).
4
Let q(d) = -d**2 + 42*d - 117. Let k(r) = 2*r**2 - 88*r + 221. Let l(g) = -4*k(g) - 9*q(g). Give l(13).
0
Let w = -2 - 3. Let p(x) = -10*x - x**3 + 0*x + 1 + 10*x. Let a(c) = -3*c**3 + 5*c**2 + 2*c + 9. Let s(h) = a(h) - 4*p(h). Calculate s(w).
-5
Suppose -5*q + 5 + 15 = 0. Suppose 3 = -q*s + j, -3*s - 2*j + 9 = -5*j. Let z(v) = -v**2 - v. Let w(h) = -2*h - 1. Let l(r) = w(r) + z(r). Calculate l(s).
1
Let g(n) be the first derivative of -4 + 5*n - 1/2*n**2. Determine g(5).
0
Let p(q) = q - 8. Let h(i) = 22*i - 135. Let k be h(9). Let m = k + -54. What is p(m)?
1
Suppose 8*i + 56 + 72 = 0. Let x = i - -20. Let u be ((-88)/10)/(-2) + x/(-10). Let b(d) = d**2 - 6*d + 2. What is b(u)?
-6
Let j be (-6)/(-10)*(-1260)/(-189). Let q(d) = 5 - j - d + 14*d - 11*d. Determine q(-7).
-13
Suppose 9 = r + 7. Let w be (-2)/r - 0 - -13. Let l be 9/w + (-6)/8. Let q(o) = -o + 13. Give q(l).
13
Let d(h) = 7*h**2 + 6*h + 5. Suppose 3*t - 8*t = 2*k - 3, -5*k + 20 = 0. What is d(t)?
6
Let c(y) = -2205 + y**2 + 2202 + y**3 + 8*y - 11*y. Suppose -5*f + 6*a - 3*a + 5 = 0, 17 = -f - 3*a. What is c(f)?
-1
Let t(o) be the first derivative of -o**3/3 + 65. Let f(w) = -2 + 3*w**2 - 4*w + 3*w + 2*w. Let x(z) = f(z) + 4*t(z). Determine x(-3).
-14
Let p(u) = -7*u**2 + 42*u - 3. Let l(d) = 16*d**2 - 98*d + 4. Let n(c) = -4*l(c) - 9*p(c). Determine n(15).
-4
Let y(g) be the third derivative of g**6/120 - g**5/4 - 7*g**4/12 - 17*g**3/3 + 2793*g**2. Calculate y(16).
-2
Suppose -36*g + 78 = -23*g. Let n(f) = -1121*f**2 - 2*f + 2240*f**2 - 1118*f**2 - g. Give n(-5).
29
Let v be -18 - (-12 - (-9 - 1)). Let m(l) = -l**2 - 16*l + 20. Calculate m(v).
20
Let c(v) be the second derivative of -8*v**2 + 0 - 1/6*v**3 + 1/4*v**4 - v. Let m(p) be the first derivative of c(p). What is m(-1)?
-7
Let j be (65 - 70) + (-10)/(-2). Let a be 7 + (j/(-1))/(-9 + 10). Let p(n) be the first derivative of n**3/3 - 9*n**2/2 + 9*n - 1. Determine p(a).
-5
Let s(g) = -2*g**2 + 4*g + 5. Let q(k) = -k**2 + 14 - 9 - 3*k - 2*k + 10*k. Let d(m) = -3*q(m) + 2*s(m). Calculate d(-7).
-5
Let f(h) be the third derivative of -h**3/2 + 2*h**2 - 26. Let g(b) = b**2 + 9*b + 13. Let u(p) = 6*f(p) + g(p). Determine u(-10).
5
Let h(j) = 2*j**3 + 3*j**2 + 5*j - 5. Let k(b) = -b**3 - 2*b**2 - 3*b + 3. Let t(n) = 4*h(n) + 7*k(n). Let l = 287 - 289. Determine t(l).
-13
Let o(i) = i**2 - 11*i + 30. Let n be o(12). Suppose -166*u + 159*u = -n. Let y(r) = -r**2 + 7*r + 3. Calculate y(u).
9
Let n(m) = 10*m - 416 + 453 + 9268*m**2 - 9269*m**2. Calculate n(13).
-2
Let t(k) = -5955 + 9*k + 2979 + 2974. What is t(-2)?
-20
Let b = -1170761 - -1170765. Let r(u) be the first derivative of -2*u**2 + 5*u + 1 + 2/3*u**3. Determine r(b).
21
Let g(m) = 99876*m**2 - 99890*m**2 - 13*m + 2*m - 6*m - 13 + m**3 + 0*m. What is g(15)?
-43
Let g(f) = -f**3 - 31 - f**3 + f**3 - f**2 + f. Let s be -14*16/(-672)*0/(-1). Calculate g(s).
-31
Let d(h) be the second derivative of h**6/24 - h**5/60 + h**4/24 + 32*h**2 + 57*h. Let v(f) be the first derivative of d(f). What is v(1)?
5
Let z(f) = -104*f**2 + 30155*f + 1456. Let g be z(290). Let n(i) = 3 + 3*i**2 + 6*i - i**2 - 9*i**2 + i**3. Give n(g).
3
Let f(q) = q**2 + 7. Suppose -2*j - 2*k = -3*j - 4, 4*j + 2*k - 4 = 0. Suppose -2*a = -p - 4, -a + j*p = -4*p - 16. Suppose 0*x + 4*x = a. What is f(x)?
7
Let n be (-3)/(-5)*((-5 - -1) + -11). Let x(u) = -4*u - 14 - 5*u**2 + 17 + 6*u**2 + 14*u. What is x(n)?
-6
Let j(h) = -h**3 + 3*h**2 - 2*h. Suppose -60*s + 64*s + 24 = 4*d, -d - 5*s = 0. Determine j(d).
-60
Let n(s) = -46*s + 187. Suppose 0 = 2*c - 0*c + 651 - 659. Calculate n(c).
3
Let o(u) = -u. Suppose 12 = -2*g + 4*i, 0 = g - 5*i + 7 + 11. Suppose 149*w - 150*w - 8 = 0. Let d be (w/g)/4 - -1. What is o(d)?
0
Let h(n) = -n**2 - 25*n + 9. Let a be h(-24). Suppose -26*z = -a*z + 42. Let g(r) = -r**3 + 8*r**2 - 6*r - 5. Calculate g(z).
31
Suppose 7125 = 20*c - 9535. Let m(n) = 828 - c + n**2 + 6*n + n**2. Determine m(-5).
15
Let t(l) = -2*l**3 - 3*l**2 - l - 1. Let j(d) = -5*d**3 - 39*d**2 - 9*d + 180. Let g(x) = -j(x) + 3*t(x). Calculate g(30).
-3
Let v(i) be the second derivative of i**5/20 + 11*i**4/4 - 17*i**3/3 + 3*i**2 + 558*i. Give v(-34).
6
Let y be -9*(4/(-10) - 1611/135). Let d be y/37 + (2 + -2 - -1). Let f(j